{"id":1311,"date":"2023-11-23T12:07:05","date_gmt":"2023-11-23T12:07:05","guid":{"rendered":"https:\/\/gshemmingen-westerfeld.de\/?page_id=1311"},"modified":"2026-03-17T08:55:32","modified_gmt":"2026-03-17T08:55:32","slug":"kooperationen","status":"publish","type":"page","link":"https:\/\/gshemmingen-westerfeld.de\/index.php\/kooperationen\/","title":{"rendered":"Kooperationen"},"content":{"rendered":"\n<h1 class=\"wp-block-heading\"><strong>Kooperationen<\/strong><\/h1>\n\n\n\n<p>Die GS Henmingen-Westerfeld hat verschiedene Kooperationen: <\/p>\n\n\n\n<h2 class=\"wp-block-heading\">Mentor Hannover e.V.<\/h2>\n\n\n\n<p>Seit mehreren Jahren lesen die ehrenamtlichen Lesementoren und Lesementorinnen des Vereins mit Kindern an unserer Schule nach dem 1:1-Prinzip: Ein Kind, einmal pro Woche, eine Stunde und dies ein Jahr lang. Die Ehrenamtlichen holen die Kinder dort ab, wo sie stehen und entdecken mit Ihnen gemeinsam neue (Lese-)Welten ohne Leistungsdruck, mit Lob, Humor und Geduld. Sie schenken ihnen Zeit und Zuwendung, denn diese sind unverzichtbar f\u00fcr nachhaltige Bildungsmotivation und -erfolg.\u00a0<\/p>\n\n\n\n<figure class=\"wp-block-image size-full\"><img loading=\"lazy\" decoding=\"async\" width=\"512\" height=\"512\" src=\"https:\/\/gshemmingen-westerfeld.de\/wp-content\/uploads\/2026\/03\/unnamed.png\" alt=\"\" class=\"wp-image-2112\" srcset=\"https:\/\/gshemmingen-westerfeld.de\/wp-content\/uploads\/2026\/03\/unnamed.png 512w, https:\/\/gshemmingen-westerfeld.de\/wp-content\/uploads\/2026\/03\/unnamed-300x300.png 300w, https:\/\/gshemmingen-westerfeld.de\/wp-content\/uploads\/2026\/03\/unnamed-150x150.png 150w\" sizes=\"auto, (max-width: 512px) 100vw, 512px\" \/><\/figure>\n\n\n\n<h2 class=\"wp-block-heading\">Musikschule Hemmingen<\/h2>\n\n\n\n<p>Es besteht eine Kooperation mit der Musikschule Hemmigen. Einmal w\u00f6chentlich bietet die Musikschule in unser Grundschule die AG \u201eMusik ist 1. Klasse\u201c an. In einer Kleingruppe lernen die Kinder die Instrumente Blockfl\u00f6te, Gitarre und Geige kennen. Sie musizieren gemeinsam und singen. Wenn Ihr Kind daran teilnehmen soll, nutzen Sie bitte den Link der Musikschule, um sich dort direkt \u00fcber die Online-Anmeldung oder das Formular anzumelden. <br>Hier ist der Fyler zum Download: <\/p>\n\n\n\n<div data-wp-interactive=\"core\/file\" class=\"wp-block-file\"><object data-wp-bind--hidden=\"!state.hasPdfPreview\" hidden class=\"wp-block-file__embed\" data=\"https:\/\/gshemmingen-westerfeld.de\/wp-content\/uploads\/2024\/04\/Flyer_Instrumental-und-Vokalunterricht_Musikschule_Januar2024.pdf\" type=\"application\/pdf\" style=\"width:100%;height:600px\" aria-label=\"Einbettung von Flyer_Instrumental-und-Vokalunterricht_Musikschule_Januar2024.\"><\/object><a id=\"wp-block-file--media-968c0a38-8ce0-4934-94b4-b4cc3327e6a1\" href=\"https:\/\/gshemmingen-westerfeld.de\/wp-content\/uploads\/2024\/04\/Flyer_Instrumental-und-Vokalunterricht_Musikschule_Januar2024.pdf\">Flyer_Instrumental-und-Vokalunterricht_Musikschule_Januar2024<\/a><a href=\"https:\/\/gshemmingen-westerfeld.de\/wp-content\/uploads\/2024\/04\/Flyer_Instrumental-und-Vokalunterricht_Musikschule_Januar2024.pdf\" class=\"wp-block-file__button wp-element-button\" download aria-describedby=\"wp-block-file--media-968c0a38-8ce0-4934-94b4-b4cc3327e6a1\">Herunterladen<\/a><\/div>\n\n\n\n<p><\/p>\n\n\n\n<p>Des Weiteren hat die Musikschule uns unterst\u00fctzt, unseren Schulsong zu entwickeln und aufzunehmen. Ein gro\u00dfer Dank gilt dabei Laszlo Gulyas, der fast w\u00f6chentlich bei uns in der Schule war, um den Song mit den Kindern einzu\u00fcben, sie am Klavier begleitet und den Schulsong mit ihnen aufgenommen hat. <\/p>\n\n\n\n<p>Hier ist das Ergebnis:  <a href=\"https:\/\/gshemmingen-westerfeld.de\/index.php\/unser-schulsong\/\" data-type=\"page\" data-id=\"1204\">Unser Schulsong<\/a><\/p>\n\n\n\n<p>F\u00fcr mehr Informationen zur Musikschule klicke hier:<\/p>\n\n\n\n<figure class=\"wp-block-image size-large\"><a href=\"https:\/\/musikschulehemmingen.de\/\" target=\"_blank\" rel=\"noreferrer noopener\"><img loading=\"lazy\" decoding=\"async\" width=\"1024\" height=\"210\" src=\"https:\/\/gshemmingen-westerfeld.de\/wp-content\/uploads\/2023\/11\/IMG_0028-1024x210.jpeg\" alt=\"\" class=\"wp-image-1314\" srcset=\"https:\/\/gshemmingen-westerfeld.de\/wp-content\/uploads\/2023\/11\/IMG_0028-1024x210.jpeg 1024w, https:\/\/gshemmingen-westerfeld.de\/wp-content\/uploads\/2023\/11\/IMG_0028-300x62.jpeg 300w, https:\/\/gshemmingen-westerfeld.de\/wp-content\/uploads\/2023\/11\/IMG_0028-768x158.jpeg 768w, https:\/\/gshemmingen-westerfeld.de\/wp-content\/uploads\/2023\/11\/IMG_0028-1536x316.jpeg 1536w, https:\/\/gshemmingen-westerfeld.de\/wp-content\/uploads\/2023\/11\/IMG_0028-2048x421.jpeg 2048w\" sizes=\"auto, (max-width: 1024px) 100vw, 1024px\" \/><\/a><\/figure>\n\n\n\n<p><\/p>\n\n\n\n<h2 class=\"wp-block-heading\">Pelita`s &#8211; English Kindergarten<\/h2>\n\n\n\n<p>Eine weitere Kooperation besteht mit dem englischen Kindergarten Pelita\u00b4s. W\u00f6chentlich kommt Pelita Roberts zu uns in die Schule, um in der 5. und 6. Stunde Kindern verschiedener Jahrgangsstufen spielerisch die englische Sprache zu vermitteln.<\/p>\n\n\n\n<p>F\u00fcr die Anmeldung zum Englischunterricht und mehr Informationen zu Pelita`s klicke hier:<\/p>\n\n\n\n<figure class=\"wp-block-image aligncenter size-full is-resized\"><a href=\"https:\/\/www.pelitas-kindergarten.de\/\" target=\"_blank\" rel=\"noreferrer noopener\"><img loading=\"lazy\" decoding=\"async\" width=\"548\" height=\"258\" src=\"https:\/\/gshemmingen-westerfeld.de\/wp-content\/uploads\/2023\/11\/IMG_0027.jpeg\" alt=\"\" class=\"wp-image-1315\" style=\"aspect-ratio:2.124031007751938;width:250px;height:auto\" srcset=\"https:\/\/gshemmingen-westerfeld.de\/wp-content\/uploads\/2023\/11\/IMG_0027.jpeg 548w, https:\/\/gshemmingen-westerfeld.de\/wp-content\/uploads\/2023\/11\/IMG_0027-300x141.jpeg 300w\" sizes=\"auto, (max-width: 548px) 100vw, 548px\" \/><\/a><\/figure>\n\n\n\n<p><\/p>\n","protected":false},"excerpt":{"rendered":"<p>Kooperationen Die GS Henmingen-Westerfeld hat verschiedene Kooperationen: Mentor Hannover e.V. Seit mehreren Jahren lesen die ehrenamtlichen Lesementoren und Lesementorinnen des Vereins mit Kindern an unserer Schule nach dem 1:1-Prinzip: Ein Kind, einmal pro Woche, eine Stunde und dies ein Jahr lang. Die Ehrenamtlichen holen die Kinder dort ab, wo sie stehen und entdecken mit Ihnen [&hellip;]<\/p>\n","protected":false},"author":2,"featured_media":0,"parent":0,"menu_order":0,"comment_status":"closed","ping_status":"closed","template":"","meta":{"footnotes":""},"class_list":["post-1311","page","type-page","status-publish","hentry"],"jetpack_sharing_enabled":true,"_links":{"self":[{"href":"https:\/\/gshemmingen-westerfeld.de\/index.php\/wp-json\/wp\/v2\/pages\/1311","targetHints":{"allow":["GET"]}}],"collection":[{"href":"https:\/\/gshemmingen-westerfeld.de\/index.php\/wp-json\/wp\/v2\/pages"}],"about":[{"href":"https:\/\/gshemmingen-westerfeld.de\/index.php\/wp-json\/wp\/v2\/types\/page"}],"author":[{"embeddable":true,"href":"https:\/\/gshemmingen-westerfeld.de\/index.php\/wp-json\/wp\/v2\/users\/2"}],"replies":[{"embeddable":true,"href":"https:\/\/gshemmingen-westerfeld.de\/index.php\/wp-json\/wp\/v2\/comments?post=1311"}],"version-history":[{"count":14,"href":"https:\/\/gshemmingen-westerfeld.de\/index.php\/wp-json\/wp\/v2\/pages\/1311\/revisions"}],"predecessor-version":[{"id":2113,"href":"https:\/\/gshemmingen-westerfeld.de\/index.php\/wp-json\/wp\/v2\/pages\/1311\/revisions\/2113"}],"wp:attachment":[{"href":"https:\/\/gshemmingen-westerfeld.de\/index.php\/wp-json\/wp\/v2\/media?parent=1311"}],"curies":[{"name":"wp","href":"https:\/\/api.w.org\/{rel}","templated":true}]}}