{"id":1377,"date":"2023-11-24T18:38:16","date_gmt":"2023-11-24T18:38:16","guid":{"rendered":"https:\/\/gshemmingen-westerfeld.de\/?page_id=1377"},"modified":"2025-05-08T10:06:10","modified_gmt":"2025-05-08T10:06:10","slug":"formulare","status":"publish","type":"page","link":"https:\/\/gshemmingen-westerfeld.de\/index.php\/formulare\/","title":{"rendered":"Formulare"},"content":{"rendered":"\n<h2 class=\"wp-block-heading\"><strong>Formulare<\/strong><\/h2>\n\n\n\n<p><\/p>\n\n\n\n<h4 class=\"wp-block-heading\">B\u00fccherlisten Sj. 25\/26<\/h4>\n\n\n\n<div data-wp-interactive=\"core\/file\" class=\"wp-block-file\"><object data-wp-bind--hidden=\"!state.hasPdfPreview\" hidden class=\"wp-block-file__embed\" data=\"https:\/\/gshemmingen-westerfeld.de\/wp-content\/uploads\/2025\/05\/Lernmittel-Klasse-1.pdf\" type=\"application\/pdf\" style=\"width:100%;height:600px\" aria-label=\"Einbettung von Lernmittel Klasse 1.\"><\/object><a id=\"wp-block-file--media-7f362aba-fe97-4bf5-96fe-1a26574ebc24\" href=\"https:\/\/gshemmingen-westerfeld.de\/wp-content\/uploads\/2025\/05\/Lernmittel-Klasse-1.pdf\">Lernmittel Klasse 1<\/a><\/div>\n\n\n\n<div data-wp-interactive=\"core\/file\" class=\"wp-block-file\"><object data-wp-bind--hidden=\"!state.hasPdfPreview\" hidden class=\"wp-block-file__embed\" data=\"https:\/\/gshemmingen-westerfeld.de\/wp-content\/uploads\/2025\/05\/Lernmittel-Klasse-2.pdf\" type=\"application\/pdf\" style=\"width:100%;height:600px\" aria-label=\"Einbettung von Lernmittel Klasse 2.\"><\/object><a id=\"wp-block-file--media-ff96b0e5-fdc6-433f-adb5-3b43228ac673\" href=\"https:\/\/gshemmingen-westerfeld.de\/wp-content\/uploads\/2025\/05\/Lernmittel-Klasse-2.pdf\">Lernmittel Klasse 2<\/a><\/div>\n\n\n\n<div data-wp-interactive=\"core\/file\" class=\"wp-block-file\"><object data-wp-bind--hidden=\"!state.hasPdfPreview\" hidden class=\"wp-block-file__embed\" data=\"https:\/\/gshemmingen-westerfeld.de\/wp-content\/uploads\/2025\/05\/Lernmittel-Klasse-3.pdf\" type=\"application\/pdf\" style=\"width:100%;height:600px\" aria-label=\"Einbettung von Lernmittel Klasse 3.\"><\/object><a id=\"wp-block-file--media-f6eb059f-f4d4-4b67-8d82-6c3ac985f13b\" href=\"https:\/\/gshemmingen-westerfeld.de\/wp-content\/uploads\/2025\/05\/Lernmittel-Klasse-3.pdf\">Lernmittel Klasse 3<\/a><\/div>\n\n\n\n<div data-wp-interactive=\"core\/file\" class=\"wp-block-file\"><object data-wp-bind--hidden=\"!state.hasPdfPreview\" hidden class=\"wp-block-file__embed\" data=\"https:\/\/gshemmingen-westerfeld.de\/wp-content\/uploads\/2025\/05\/Lernmittel-Klasse-4.pdf\" type=\"application\/pdf\" style=\"width:100%;height:600px\" aria-label=\"Einbettung von Lernmittel Klasse 4.\"><\/object><a id=\"wp-block-file--media-c7943309-b4bb-4b32-b0b9-6aa176134004\" href=\"https:\/\/gshemmingen-westerfeld.de\/wp-content\/uploads\/2025\/05\/Lernmittel-Klasse-4.pdf\">Lernmittel Klasse 4<\/a><\/div>\n\n\n\n<h4 class=\"wp-block-heading\">B\u00fccherbestellung \u00fcber den F\u00f6rderverein Sj. 25\/26<\/h4>\n\n\n\n<div data-wp-interactive=\"core\/file\" class=\"wp-block-file\"><object data-wp-bind--hidden=\"!state.hasPdfPreview\" hidden class=\"wp-block-file__embed\" data=\"https:\/\/gshemmingen-westerfeld.de\/wp-content\/uploads\/2025\/05\/FV-Klasse-1.pdf\" type=\"application\/pdf\" style=\"width:100%;height:600px\" aria-label=\"Einbettung von FV Klasse 1.\"><\/object><a id=\"wp-block-file--media-e7e9ee34-0d7d-4cb5-9325-940dcedb656c\" href=\"https:\/\/gshemmingen-westerfeld.de\/wp-content\/uploads\/2025\/05\/FV-Klasse-1.pdf\">FV Klasse 1<\/a><\/div>\n\n\n\n<div data-wp-interactive=\"core\/file\" class=\"wp-block-file\"><object data-wp-bind--hidden=\"!state.hasPdfPreview\" hidden class=\"wp-block-file__embed\" data=\"https:\/\/gshemmingen-westerfeld.de\/wp-content\/uploads\/2025\/05\/FV-Klasse-2.pdf\" type=\"application\/pdf\" style=\"width:100%;height:600px\" aria-label=\"Einbettung von FV Klasse 2.\"><\/object><a id=\"wp-block-file--media-b320e39c-2417-4b73-a818-4095521ae5c7\" href=\"https:\/\/gshemmingen-westerfeld.de\/wp-content\/uploads\/2025\/05\/FV-Klasse-2.pdf\">FV Klasse 2<\/a><\/div>\n\n\n\n<div data-wp-interactive=\"core\/file\" class=\"wp-block-file\"><object data-wp-bind--hidden=\"!state.hasPdfPreview\" hidden class=\"wp-block-file__embed\" data=\"https:\/\/gshemmingen-westerfeld.de\/wp-content\/uploads\/2025\/05\/FV-Klasse3.pdf\" type=\"application\/pdf\" style=\"width:100%;height:600px\" aria-label=\"Einbettung von FV Klasse3.\"><\/object><a id=\"wp-block-file--media-76d7ca8b-cf9c-4c72-975a-e9bcb3f38b42\" href=\"https:\/\/gshemmingen-westerfeld.de\/wp-content\/uploads\/2025\/05\/FV-Klasse3.pdf\">FV Klasse3<\/a><\/div>\n\n\n\n<div data-wp-interactive=\"core\/file\" class=\"wp-block-file\"><object data-wp-bind--hidden=\"!state.hasPdfPreview\" hidden class=\"wp-block-file__embed\" data=\"https:\/\/gshemmingen-westerfeld.de\/wp-content\/uploads\/2025\/05\/FV-Klasse-4-1.pdf\" type=\"application\/pdf\" style=\"width:100%;height:600px\" aria-label=\"Einbettung von FV Klasse 4.\"><\/object><a id=\"wp-block-file--media-1f6d1203-4c0f-4f71-8949-70451366628f\" href=\"https:\/\/gshemmingen-westerfeld.de\/wp-content\/uploads\/2025\/05\/FV-Klasse-4-1.pdf\">FV Klasse 4<\/a><\/div>\n\n\n\n<h4 class=\"wp-block-heading\">Sonstiges<\/h4>\n\n\n\n<div data-wp-interactive=\"core\/file\" class=\"wp-block-file\"><object data-wp-bind--hidden=\"!state.hasPdfPreview\" hidden class=\"wp-block-file__embed\" data=\"https:\/\/gshemmingen-westerfeld.de\/wp-content\/uploads\/2024\/04\/Freiwilliges-Zurueckstellen_von-Eltern-auszufuellen.pdf\" type=\"application\/pdf\" style=\"width:100%;height:600px\" aria-label=\"Einbettung von Freiwilliges-Zurueckstellen_von-Eltern-auszufuellen.\"><\/object><a id=\"wp-block-file--media-63c3b2b6-1d52-4d39-a92b-341de60197dd\" href=\"https:\/\/gshemmingen-westerfeld.de\/wp-content\/uploads\/2024\/04\/Freiwilliges-Zurueckstellen_von-Eltern-auszufuellen.pdf\">Freiwilliges-Zurueckstellen_von-Eltern-auszufuellen<\/a><\/div>\n\n\n\n<div data-wp-interactive=\"core\/file\" class=\"wp-block-file\"><object data-wp-bind--hidden=\"!state.hasPdfPreview\" hidden class=\"wp-block-file__embed\" data=\"https:\/\/gshemmingen-westerfeld.de\/wp-content\/uploads\/2024\/08\/Datenschutzgrundverordnung.pdf\" type=\"application\/pdf\" style=\"width:100%;height:600px\" aria-label=\"Einbettung von Datenschutzgrundverordnung.\"><\/object><a id=\"wp-block-file--media-bd5bc4cd-df46-4a0e-b6c1-9753779c07c6\" href=\"https:\/\/gshemmingen-westerfeld.de\/wp-content\/uploads\/2024\/08\/Datenschutzgrundverordnung.pdf\">Datenschutzgrundverordnung<\/a><\/div>\n\n\n\n<div data-wp-interactive=\"core\/file\" class=\"wp-block-file\"><object data-wp-bind--hidden=\"!state.hasPdfPreview\" hidden class=\"wp-block-file__embed\" data=\"https:\/\/gshemmingen-westerfeld.de\/wp-content\/uploads\/2024\/11\/Kommunaler-Schadensausgleich.pdf\" type=\"application\/pdf\" style=\"width:100%;height:600px\" aria-label=\"Einbettung von Kommunaler-Schadensausgleich.\"><\/object><a id=\"wp-block-file--media-3927a9da-0823-4fa9-81c5-479cf248a691\" href=\"https:\/\/gshemmingen-westerfeld.de\/wp-content\/uploads\/2024\/11\/Kommunaler-Schadensausgleich.pdf\">Kommunaler-Schadensausgleich<\/a><\/div>\n\n\n\n<div class=\"wp-block-file\"><a id=\"wp-block-file--media-e1db9f86-c41e-422d-908d-ef379b8edee4\" href=\"https:\/\/gshemmingen-westerfeld.de\/wp-content\/uploads\/2024\/11\/Leitfaden-Arbeitsplatzbeschreibung-fuer-Praktikant-und-Bufdis-docx.docx\">Leitfaden-Arbeitsplatzbeschreibung-fuer-Praktikant-und-Bufdis-docx<\/a><\/div>\n","protected":false},"excerpt":{"rendered":"<p>Formulare B\u00fccherlisten Sj. 25\/26 B\u00fccherbestellung \u00fcber den F\u00f6rderverein Sj. 25\/26 Sonstiges<\/p>\n","protected":false},"author":2,"featured_media":0,"parent":0,"menu_order":0,"comment_status":"closed","ping_status":"closed","template":"","meta":{"footnotes":""},"class_list":["post-1377","page","type-page","status-publish","hentry"],"jetpack_sharing_enabled":true,"_links":{"self":[{"href":"https:\/\/gshemmingen-westerfeld.de\/index.php\/wp-json\/wp\/v2\/pages\/1377","targetHints":{"allow":["GET"]}}],"collection":[{"href":"https:\/\/gshemmingen-westerfeld.de\/index.php\/wp-json\/wp\/v2\/pages"}],"about":[{"href":"https:\/\/gshemmingen-westerfeld.de\/index.php\/wp-json\/wp\/v2\/types\/page"}],"author":[{"embeddable":true,"href":"https:\/\/gshemmingen-westerfeld.de\/index.php\/wp-json\/wp\/v2\/users\/2"}],"replies":[{"embeddable":true,"href":"https:\/\/gshemmingen-westerfeld.de\/index.php\/wp-json\/wp\/v2\/comments?post=1377"}],"version-history":[{"count":11,"href":"https:\/\/gshemmingen-westerfeld.de\/index.php\/wp-json\/wp\/v2\/pages\/1377\/revisions"}],"predecessor-version":[{"id":1884,"href":"https:\/\/gshemmingen-westerfeld.de\/index.php\/wp-json\/wp\/v2\/pages\/1377\/revisions\/1884"}],"wp:attachment":[{"href":"https:\/\/gshemmingen-westerfeld.de\/index.php\/wp-json\/wp\/v2\/media?parent=1377"}],"curies":[{"name":"wp","href":"https:\/\/api.w.org\/{rel}","templated":true}]}}