{"id":189,"date":"2023-03-24T19:38:13","date_gmt":"2023-03-24T18:38:13","guid":{"rendered":"https:\/\/grundschulehw.wordpress.com\/?page_id=189"},"modified":"2023-06-21T08:42:28","modified_gmt":"2023-06-21T08:42:28","slug":"inklusion","status":"publish","type":"page","link":"https:\/\/gshemmingen-westerfeld.de\/index.php\/inklusion\/","title":{"rendered":"Inklusion"},"content":{"rendered":"\n<h1 class=\"wp-block-heading has-text-align-center\"><strong>Inklusion<\/strong><\/h1>\n\n\n\n<div style=\"height:75px\" aria-hidden=\"true\" class=\"wp-block-spacer\"><\/div>\n\n\n\n<p><em>\u201eInklusion \u2013 Was ist das eigentlich? Viele Menschen haben den Begriff schon geh\u00f6rt. Aber was genau<br>steckt dahinter? Und was bedeutet Inklusion f\u00fcr jede*n von uns pers\u00f6nlich?&#8220;<\/em> <\/p>\n\n\n\n<div class=\"wp-block-group alignfull has-global-padding is-layout-constrained wp-block-group-is-layout-constrained\" style=\"margin-top:0px;margin-bottom:0px\">\n<figure class=\"wp-block-image size-large\"><img loading=\"lazy\" decoding=\"async\" width=\"1280\" height=\"640\" src=\"https:\/\/grundschulehw.files.wordpress.com\/2023\/03\/inclusion-g7c5c1e035_1280.png?w=1024\" alt=\"\" class=\"wp-image-203\"\/><\/figure>\n<\/div>\n\n\n\n<p class=\"has-text-align-center\"><em>&#8222;Inklusion bedeutet, dass jeder Mensch ganz nat\u00fcrlich dazu geh\u00f6rt. Oder anders: Inklusion ist, wenn alle mitmachen d\u00fcrfen. Egal wie du aussiehst, welche Sprache du sprichst oder ob du eine Behinderung hast. Zum Beispiel: Kinder mit und ohne Behinderung lernen zusammen in der Schule. Wenn jeder Mensch \u00fcberall dabei sein kann, am Arbeitsplatz, beim Wohnen oder in der Freizeit: <\/em><\/p>\n\n\n\n<p class=\"has-text-align-center\"><em><strong>Das ist Inklusion. Gemeinsam verschieden sein.<\/strong> <\/em><\/p>\n\n\n\n<p class=\"has-text-align-center\"><em>Wenn alle Menschen dabei sein k\u00f6nnen, ist es normal verschieden zu sein. Und alle haben etwas davon:<br>Wenn es zum Beispiel weniger Treppen gibt, k\u00f6nnen Menschen mit Kinderwagen, \u00e4ltere Menschen und Menschen mit Behinderung viel besser dabei sein. In einer inklusiven Welt sind alle Menschen offen f\u00fcr<br>andere Ideen. Wenn du etwas nicht kennst, ist das nicht besser oder schlechter. Es ist normal! Jeder<br>Mensch soll so akzeptiert werden, wie er oder sie ist.\u201c<\/em><\/p>\n\n\n\n<div style=\"height:100px\" aria-hidden=\"true\" class=\"wp-block-spacer\"><\/div>\n\n\n\n<p class=\"has-text-align-center\">Im Jahr 2009 ist in der UN-Behindertenrechtskonvention das Recht auf Inklusion festgeschrieben worden. Die UN-Behindertenrechtskonvention ist ein Vertrag, den viele L\u00e4nder<br>unterschrieben haben. Auch Deutschland und dadurch unsere Schule steht somit f\u00fcr Inklusion und alles, was damit einhergeht. Die Umst\u00e4nde und Rahmenbedingungen machen es uns nicht immer leicht. Wir als Schule geben alles daf\u00fcr, f\u00fcr jedes Kind die bestm\u00f6glichen Bedingungen zu erlangen. Um noch erfolgreicher in diesem Bereich zu werden, brauchen wie Sie als Eltern, indem Sie Ihrem Kind unterst\u00fctzend zur Seite stehen und jedes Kind der Klasse als ein Teil der<br>Klassengemeinschaft sehen. <\/p>\n\n\n\n<p class=\"has-text-align-center\">Das mag nicht immer leicht erscheinen, doch sind wir auf Ihre Hilfe angewiesen. <\/p>\n\n\n\n<div style=\"height:100px\" aria-hidden=\"true\" class=\"wp-block-spacer\"><\/div>\n\n\n\n<div class=\"wp-block-columns alignwide is-layout-flex wp-container-core-columns-is-layout-3 wp-block-columns-is-layout-flex\">\n<div class=\"wp-block-column is-layout-flow wp-block-column-is-layout-flow\" style=\"flex-basis:100%\">\n<div class=\"wp-block-columns alignwide has-chivo-font-family is-layout-flex wp-container-core-columns-is-layout-1 wp-block-columns-is-layout-flex\">\n<div class=\"wp-block-column is-layout-flow wp-block-column-is-layout-flow\">\n<h1 class=\"wp-block-heading has-text-align-center has-chivo-font-family has-medium-font-size\"><strong>Grundschule Hemmingen-Westerfeld<\/strong><\/h1>\n\n\n\n<p class=\"has-text-align-center\">K\u00f6llnbrinkweg 48<\/p>\n\n\n\n<p class=\"has-text-align-center\">30966 Hemmingen<\/p>\n<\/div>\n\n\n\n<div class=\"wp-block-column is-layout-flow wp-block-column-is-layout-flow\">\n<p class=\"has-text-align-center\"><strong>Lassen Sie es uns wissen,<\/strong><\/p>\n\n\n\n<p class=\"has-text-align-center\"><strong>wenn Sie Fragen haben.<\/strong><\/p>\n\n\n\n<p class=\"has-text-align-center\"><a href=\"mailto:sekretariat@gshemmingen-westerfeld.de\" data-type=\"mailto\" data-id=\"mailto:sekretariat@gshemmingen-westerfeld.de\">\u2709 sekretariat@gshemmingen-westerfeld.de<\/a><\/p>\n<\/div>\n<\/div>\n\n\n\n<div style=\"height:40px\" aria-hidden=\"true\" class=\"wp-block-spacer\"><\/div>\n\n\n\n<p class=\"has-text-align-center has-chivo-font-family\">\u00a9 2023 Grundschule Hemmingen-Westerfeld<\/p>\n\n\n\n<div class=\"wp-block-columns has-chivo-font-family is-layout-flex wp-container-core-columns-is-layout-2 wp-block-columns-is-layout-flex\">\n<div class=\"wp-block-column is-layout-flow wp-block-column-is-layout-flow\">\n<p class=\"has-text-align-center has-link-color wp-elements-a3464565d3f97647b68b682ae352363d\"><a href=\"https:\/\/gshemmingen-westerfeld.de\/index.php\/impressum\/\" data-type=\"page\" data-id=\"129\">Impressum<\/a> &amp; <a href=\"https:\/\/gshemmingen-westerfeld.de\/index.php\/datenschutz\/\" data-type=\"page\" data-id=\"133\">Datenschutz<\/a><\/p>\n<\/div>\n<\/div>\n<\/div>\n<\/div>\n","protected":false},"excerpt":{"rendered":"<p>Inklusion \u201eInklusion \u2013 Was ist das eigentlich? Viele Menschen haben den Begriff schon geh\u00f6rt. Aber was genausteckt dahinter? Und was bedeutet Inklusion f\u00fcr jede*n von uns pers\u00f6nlich?&#8220; &#8222;Inklusion bedeutet, dass jeder Mensch ganz nat\u00fcrlich dazu geh\u00f6rt. Oder anders: Inklusion ist, wenn alle mitmachen d\u00fcrfen. Egal wie du aussiehst, welche Sprache du sprichst oder ob du [&hellip;]<\/p>\n","protected":false},"author":1,"featured_media":0,"parent":0,"menu_order":0,"comment_status":"closed","ping_status":"closed","template":"","meta":{"footnotes":""},"class_list":["post-189","page","type-page","status-publish","hentry"],"jetpack_sharing_enabled":true,"_links":{"self":[{"href":"https:\/\/gshemmingen-westerfeld.de\/index.php\/wp-json\/wp\/v2\/pages\/189","targetHints":{"allow":["GET"]}}],"collection":[{"href":"https:\/\/gshemmingen-westerfeld.de\/index.php\/wp-json\/wp\/v2\/pages"}],"about":[{"href":"https:\/\/gshemmingen-westerfeld.de\/index.php\/wp-json\/wp\/v2\/types\/page"}],"author":[{"embeddable":true,"href":"https:\/\/gshemmingen-westerfeld.de\/index.php\/wp-json\/wp\/v2\/users\/1"}],"replies":[{"embeddable":true,"href":"https:\/\/gshemmingen-westerfeld.de\/index.php\/wp-json\/wp\/v2\/comments?post=189"}],"version-history":[{"count":1,"href":"https:\/\/gshemmingen-westerfeld.de\/index.php\/wp-json\/wp\/v2\/pages\/189\/revisions"}],"predecessor-version":[{"id":1000,"href":"https:\/\/gshemmingen-westerfeld.de\/index.php\/wp-json\/wp\/v2\/pages\/189\/revisions\/1000"}],"wp:attachment":[{"href":"https:\/\/gshemmingen-westerfeld.de\/index.php\/wp-json\/wp\/v2\/media?parent=189"}],"curies":[{"name":"wp","href":"https:\/\/api.w.org\/{rel}","templated":true}]}}

<h1 class="wp-block-heading has-text-align-center"><strong>Inklusion</strong></h1>



<div style="height:75px" aria-hidden="true" class="wp-block-spacer"></div>



<p><em>„Inklusion – Was ist das eigentlich? Viele Menschen haben den Begriff schon gehört. Aber was genau<br>steckt dahinter? Und was bedeutet Inklusion für jede*n von uns persönlich?&#8220;</em> </p>



<div class="wp-block-group alignfull has-global-padding is-layout-constrained wp-block-group-is-layout-constrained" style="margin-top:0px;margin-bottom:0px">
<figure class="wp-block-image size-large"><img loading="lazy" decoding="async" width="1280" height="640" src="https://grundschulehw.files.wordpress.com/2023/03/inclusion-g7c5c1e035_1280.png?w=1024" alt="" class="wp-image-203"/></figure>
</div>



<p class="has-text-align-center"><em>&#8222;Inklusion bedeutet, dass jeder Mensch ganz natürlich dazu gehört. Oder anders: Inklusion ist, wenn alle mitmachen dürfen. Egal wie du aussiehst, welche Sprache du sprichst oder ob du eine Behinderung hast. Zum Beispiel: Kinder mit und ohne Behinderung lernen zusammen in der Schule. Wenn jeder Mensch überall dabei sein kann, am Arbeitsplatz, beim Wohnen oder in der Freizeit: </em></p>



<p class="has-text-align-center"><em><strong>Das ist Inklusion. Gemeinsam verschieden sein.</strong> </em></p>



<p class="has-text-align-center"><em>Wenn alle Menschen dabei sein können, ist es normal verschieden zu sein. Und alle haben etwas davon:<br>Wenn es zum Beispiel weniger Treppen gibt, können Menschen mit Kinderwagen, ältere Menschen und Menschen mit Behinderung viel besser dabei sein. In einer inklusiven Welt sind alle Menschen offen für<br>andere Ideen. Wenn du etwas nicht kennst, ist das nicht besser oder schlechter. Es ist normal! Jeder<br>Mensch soll so akzeptiert werden, wie er oder sie ist.“</em></p>



<div style="height:100px" aria-hidden="true" class="wp-block-spacer"></div>



<p class="has-text-align-center">Im Jahr 2009 ist in der UN-Behindertenrechtskonvention das Recht auf Inklusion festgeschrieben worden. Die UN-Behindertenrechtskonvention ist ein Vertrag, den viele Länder<br>unterschrieben haben. Auch Deutschland und dadurch unsere Schule steht somit für Inklusion und alles, was damit einhergeht. Die Umstände und Rahmenbedingungen machen es uns nicht immer leicht. Wir als Schule geben alles dafür, für jedes Kind die bestmöglichen Bedingungen zu erlangen. Um noch erfolgreicher in diesem Bereich zu werden, brauchen wie Sie als Eltern, indem Sie Ihrem Kind unterstützend zur Seite stehen und jedes Kind der Klasse als ein Teil der<br>Klassengemeinschaft sehen. </p>



<p class="has-text-align-center">Das mag nicht immer leicht erscheinen, doch sind wir auf Ihre Hilfe angewiesen. </p>



<div style="height:100px" aria-hidden="true" class="wp-block-spacer"></div>



<div class="wp-block-columns alignwide is-layout-flex wp-container-core-columns-is-layout-3 wp-block-columns-is-layout-flex">
<div class="wp-block-column is-layout-flow wp-block-column-is-layout-flow" style="flex-basis:100%">
<div class="wp-block-columns alignwide has-chivo-font-family is-layout-flex wp-container-core-columns-is-layout-1 wp-block-columns-is-layout-flex">
<div class="wp-block-column is-layout-flow wp-block-column-is-layout-flow">
<h1 class="wp-block-heading has-text-align-center has-chivo-font-family has-medium-font-size"><strong>Grundschule Hemmingen-Westerfeld</strong></h1>



<p class="has-text-align-center">Köllnbrinkweg 48</p>



<p class="has-text-align-center">30966 Hemmingen</p>
</div>



<div class="wp-block-column is-layout-flow wp-block-column-is-layout-flow">
<p class="has-text-align-center"><strong>Lassen Sie es uns wissen,</strong></p>



<p class="has-text-align-center"><strong>wenn Sie Fragen haben.</strong></p>



<p class="has-text-align-center"><a href="mailto:sekretariat@gshemmingen-westerfeld.de" data-type="mailto" data-id="mailto:sekretariat@gshemmingen-westerfeld.de">✉ sekretariat@gshemmingen-westerfeld.de</a></p>
</div>
</div>



<div style="height:40px" aria-hidden="true" class="wp-block-spacer"></div>



<p class="has-text-align-center has-chivo-font-family">© 2023 Grundschule Hemmingen-Westerfeld</p>



<div class="wp-block-columns has-chivo-font-family is-layout-flex wp-container-core-columns-is-layout-2 wp-block-columns-is-layout-flex">
<div class="wp-block-column is-layout-flow wp-block-column-is-layout-flow">
<p class="has-text-align-center has-link-color wp-elements-a3464565d3f97647b68b682ae352363d"><a href="https://gshemmingen-westerfeld.de/index.php/impressum/" data-type="page" data-id="129">Impressum</a> &amp; <a href="https://gshemmingen-westerfeld.de/index.php/datenschutz/" data-type="page" data-id="133">Datenschutz</a></p>
</div>
</div>
</div>
</div>

<p>Inklusion „Inklusion – Was ist das eigentlich? Viele Menschen haben den Begriff schon gehört. Aber was genausteckt dahinter? Und was bedeutet Inklusion für jede*n von uns persönlich?&#8220; &#8222;Inklusion bedeutet, dass jeder Mensch ganz natürlich dazu gehört. Oder anders: Inklusion ist, wenn alle mitmachen dürfen. Egal wie du aussiehst, welche Sprache du sprichst oder ob du [&hellip;]</p>
